3 a multiple of 5?
False
Is 733 a factor of 10358360?
False
Is 27 a factor of 426465?
True
Does 8 divide 717224?
True
Is 29814 a multiple of 2?
True
Does 260 divide 193512?
False
Is 1078432 a multiple of 32?
True
Is 1005848 a multiple of 21?
False
Does 30 divide 19830?
True
Does 35 divide 2887338?
False
Does 111 divide 215257?
False
Does 46 divide 26443?
False
Does 263 divide 6426955?
False
Is 511396 a multiple of 38?
False
Is 227 a factor of 81129?
False
Is 289525 a multiple of 10?
False
Does 8 divide 153209?
False
Is 13675 a multiple of 7?
False
Is 4760793 a multiple of 8?
False
Does 53 divide 1742057?
True
Is 223 a factor of 12812688?
True
Is 2671000 a multiple of 4?
True
Is 32 a factor of 47968?
True
Is 742546 a multiple of 14?
True
Does 712 divide 1769320?
True
Does 11 divide 29062?
True
Is 5 a factor of 27057?
False
Is 272578 a multiple of 679?
False
Is 48799 a multiple of 327?
False
Does 31 divide 56761?
True
Does 184 divide 265880?
True
Does 42 divide 3633966?
True
Is 235592 a multiple of 49?
True
Does 1184 divide 2142652?
False
Is 184569 a multiple of 47?
True
Is 208508 a multiple of 183?
False
Is 405 a factor of 2499706?
False
Is 9 a factor of 1199824?
False
Is 3 a factor of 5099?
False
Is 13581216 a multiple of 396?
True
Is 482 a factor of 1038309?
False
Does 72 divide 100422?
False
Is 4106693 a multiple of 1121?
False
Does 23 divide 406683?
False
Is 162 a factor of 787320?
True
Does 23 divide 210393?
False
Is 116 a factor of 14064?
False
Does 111 divide 336488?
False
Is 160 a factor of 60960?
True
Does 198 divide 780195?
False
Is 16749184 a multiple of 1136?
True
Does 7 divide 26901?
True
Is 8 a factor of 368040?
True
Is 53 a factor of 39114?
True
Does 5 divide 83389?
False
Does 11 divide 5070?
False
Is 344 a factor of 1181640?
True
Does 84 divide 47288?
False
Does 90 divide 188910?
True
Is 3523432 a multiple of 88?
True
Is 6324 a multiple of 17?
True
Is 15822 a multiple of 86?
False
Does 27 divide 40446?
True
Is 22 a factor of 374264?
True
Is 3 a factor of 21764?
False
Does 64 divide 2554587?
False
Is 801 a factor of 840448?
False
Does 7 divide 304990?
True
Is 15114 a multiple of 11?
True
Is 375050 a multiple of 26?
True
Is 1606228 a multiple of 46?
True
Is 31 a factor of 18061363?
False
Does 31 divide 2013326?
True
Does 70 divide 252840?
True
Is 257 a factor of 215414?
False
Is 111 a factor of 2840268?
True
Is 13 a factor of 1056263?
True
Does 35 divide 122675?
True
Is 194684 a multiple of 102?
False
Is 3 a factor of 350620?
False
Is 377 a factor of 2514967?
True
Does 54 divide 4718148?
False
Is 14 a factor of 4777010?
True
Does 348 divide 2010515?
False
Is 357391 a multiple of 74?
False
Is 185164 a multiple of 28?
True
Is 346477 a multiple of 17?
True
Is 26908282 a multiple of 18?
False
Is 9726 a multiple of 127?
False
Is 1534041 a multiple of 3?
True
Is 49 a factor of 37136?
False
Is 53 a factor of 1933427?
False
Is 625332 a multiple of 93?
True
Does 343 divide 3057787?
False
Is 1510740 a multiple of 654?
True
Is 172587 a multiple of 347?
False
Is 55565 a multiple of 3?
False
Is 7948 a multiple of 9?
False
Is 299 a factor of 67402?
False
Is 3474806 a multiple of 21?
False
Does 18 divide 329967?
False
Is 751355 a multiple of 719?
True
Is 30 a factor of 88598?
False
Is 2610552 a multiple of 287?
True
Is 1055712 a multiple of 224?
True
Is 10 a factor of 4834?
False
Is 23 a factor of 289271?
True
Is 726 a factor of 4797408?
True
Does 13 divide 54509?
True
Does 8 divide 321760?
True
Is 986759 a multiple of 142?
False
Does 8 divide 74942?
False
Is 64944 a multiple of 95?
False
Is 23 a factor of 1199817?
False
Is 1662478 a multiple of 1263?
False
Is 102 a factor of 87901?
False
Does 26 divide 10379252?
True
Is 7 a factor of 116690?
True
Is 268611 a multiple of 337?
False
Is 3408021 a multiple of 522?
False
Does 69 divide 190880?
False
Does 84 divide 152544?
True
Does 36 divide 3605308?
False
Does 57 divide 2380719?
True
Is 3444674 a multiple of 13?
False
Is 11 a factor of 936705?
True
Does 5 divide 336745?
True
Is 8 a factor of 1587504?
True
Does 190 divide 539273?
False
Is 855910 a multiple of 1593?
False
Does 474 divide 12251769?
False
Is 174 a factor of 827892?
True
Does 180 divide 2007656?
False
Is 1339502 a multiple of 288?
False
Does 139 divide 10491596?
False
Does 3 divide 24647?
False
Is 17 a factor of 103345?
False
Is 45 a factor of 12279195?
True
Does 50 divide 1245685?
False
Is 1039863 a multiple of 11?
True
Does 71 divide 70432?
True
Does 2 divide 62700?
True
Is 120599 a multiple of 141?
False
Does 203 divide 149814?
True
Is 5109186 a multiple of 202?
True
Does 221 divide 104344?
False
Does 113 divide 1394046?
False
Is 229 a factor of 8546738?
True
Is 990 a factor of 1320660?
True
Is 6517008 a multiple of 1002?
True
Does 8 divide 99153?
False
Does 7 divide 717220?
True
Is 373868 a multiple of 25?
False
Does 44 divide 12207624?
True
Does 242 divide 6513211?
False
Is 295009 a multiple of 13?
True
Does 29 divide 162555?
False
Is 42660 a multiple of 18?
True
Is 6215928 a multiple of 492?
True
Is 107625 a multiple of 21?
True
Is 161 a factor of 231679?
True
Does 3 divide 39291?
True
Is 234683 a multiple of 14?
False
Is 13 a factor of 413418?
False
Does 695 divide 1039526?
False
Does 542 divide 302678?
False
Is 41 a factor of 166378?
True
Is 3 a factor of 2761161?
True
Does 48 divide 559241?
False
Does 2618 divide 14540372?
True
Is 53 a factor of 130168?
True
Is 112 a factor of 47600?
True
Is 21 a factor of 412020?
True
Is 252 a factor of 1345932?
True
Is 13 a factor of 835218?
False
Does 20 divide 569500?
True
Does 167 divide 1760013?
True
Is 1151259 a multiple of 61?
False
Is 14850 a multiple of 44?
False
Is 102 a factor of 75378?
True
Is 71040 a multiple of 15?
True
Is 671615 a multiple of 388?
False
Is 94 a factor of 2661019?
False
Does 41 divide 62708?
False
Is 14022360 a multiple of 264?
True
Is 107716 a multiple of 14?
True
Is 585378 a multiple of 7?
False
Does 39 divide 850917?
False
Is 759938 a multiple of 9?
False
Is 5 a factor of 263472?
False
Does 50 divide 104200?
True
Is 93856 a multiple of 8?
True
Does 42 divide 37906?
False
Is 195 a factor of 3793593?
False
Is 122 a factor of 193004?
True
Does 593 divide 84753?
False
Is 14061 a multiple of 63?
False
Does 172 divide 362992?
False
Is 96 a factor of 1509218?
False
Is 621296 a multiple of 13?
True
Is 292292 a multiple of 42?
False
Is 721260 a multiple of 15?
True
Does 92 divide 7833432?
True
Is 7 a factor of 2121?
True
Is 196108 a multiple of 11?
True
Is 22 a factor of 33326?
False
Is 167821 a multiple of 10?
False
Does 121 divide 16060?
False
Is 791170 a multiple of 18?
False
Is 59494 a multiple of 77?
False
Does 22 divide 7705?
False
Does 17 divide 859877?
True
Is 74 a factor of 483516?
True
Is 65 a factor of 3460525?
False
Is 6 a factor of 2531940?
True
Is 2274252 a multiple of 1381?
False
Is 13 a factor of 3068566?
False
Does 11 divide 41250?
True
Is 5 a factor of 834302?
False
Is 108 a factor of 6376428?
True
Does 309 divide 160871?
False
Does 3 divide 605766?
True
Is 82 a factor of 3988808?
True
Is 11729 a multiple of 317?
True
Does 22 divide 89598?
False
Is 2921778 a multiple of 13?
False
Does 8 divide 176632?
True
Is 131 a factor of 772374?
False
Is 268 a factor of 536431?
False
Is 9403387 a multiple of 25?
False
Is 288100 a multiple of 215?
True
Is 30 a factor of 19529790?
True
Does 104 divide 3898727?
False
Is 2003338 a multiple of 12?
False
Is 38984 a multiple of 22?
True
Is 941856 a multiple of 16?
True
Does 235 divide 174135?
True
Is 663524 a multiple of 62?
True
Does 102 divide 416976?
True
Is 2 a factor of 346085?
False
Is 13750848 a multiple of 12?
True
Is 731480 a multiple of 253?
False
Is 9 a factor of 3325745?
False
Does 11 divide 31559?
True
Is 3 a factor of 2575234?
False
Is 151158 a multiple of 14?
True
Does 94 divide 94564?
True
Is 1374011 a multiple of 8?
False
Is 56443 a multiple of 15?
False
Is 13661270 a multiple of 38?
False
Does 13 divide 67440?
False
Is 251781 a multiple of 69?
True
Is 220 a factor of 760605?
False
Is 239190 a multiple of 10?
True
Is 2142911 a multiple of 57?
False
Is 1511096 a multiple of 41?
True
Is 67 a factor of 997432?
False
Is 46 a factor of 96600?
True
Is 532979 a multiple of 63?
False
Is 8088 even?
True
Is 2